-20). Let b = 11 - j. Let d = b - -17. Calculate the remainder when 14 is divided by d.
6
Suppose m + 0 - 5 = 5*v, 5*m = -25. Let r be ((-36)/(-6))/(v/(-4)). Suppose -f = -0*f - r. Calculate the remainder when 45 is divided by f.
9
Suppose 5*c = 3*b + 16 + 4, -4 = -c + 3*b. Let s = 37 - 25. What is the remainder when (s/10)/((-6)/(-75)) is divided by c?
3
Let k = -302 - -746. Suppose 0*p = p - k. What is the remainder when (3/(-9))/((-4)/p) is divided by 20?
17
Let h(l) = -l**3 - 7*l**2 - 1. Suppose -73 + 5 = -4*y. Calculate the remainder when h(-8) is divided by y.
12
What is the remainder when 32/(-1*(-4)/6) is divided by 22?
4
Calculate the remainder when (57/(-6) + 8)/((-6)/484) is divided by 32.
25
Let k be -1 + 1 + (3 - 1). Suppose -2*x + 65 = g + k*g, 3*x + 3*g - 90 = 0. Let j = x + -20. Calculate the remainder when 9 is divided by j.
4
Let h = -694 - -1071. Calculate the remainder when h is divided by 10.
7
Calculate the remainder when 61 is divided by (-6 + (-7 - -1))*16/(-6).
29
Let q = -5 - -6. Let a(l) = l. Let r(u) = -u**2 - 18*u - 2. Let t(c) = -6*a(c) - r(c). Calculate the remainder when t(-12) is divided by q.
0
Let k(z) = -z - 1. Let i(t) = 22*t + 14. Let h(r) = 2*i(r) + 28*k(r). What is the remainder when 47 is divided by h(1)?
15
Let w(c) = 3*c + 1. Let h(y) = 1. Let x(k) = -4*h(k) - w(k). Calculate the remainder when 56 is divided by x(-8).
18
Let t = -76 + 109. Suppose 151 + 759 = 7*q. What is the remainder when q is divided by t?
31
Calculate the remainder when 90 is divided by 96/3 + 11 + -10.
24
Suppose t - 231 = -2*t. What is the remainder when 381 is divided by t?
73
Let w(j) = -3*j - 18. Let a be w(-6). Suppose -n + o + 3*o + 28 = a, -2*n = -2*o - 68. Calculate the remainder when 214 is divided by n.
34
Calculate the remainder when 2366/22 - (-306)/(-561) is divided by 38.
31
Let c = -195 + 238. Suppose 6 = y - 3. What is the remainder when c is divided by y?
7
Suppose -j = -2*w + 2 - 10, -5*j - 5*w = -100. Calculate the remainder when j is divided by (-656)/(-112) + 3/21.
4
Let d = -6 + 8. Let b(n) = 7*n**d - 2*n + 2 + n - 6*n**2. Calculate the remainder when 13 is divided by b(2).
1
Suppose 45*z - 368 = 41*z. Calculate the remainder when 56 is divided by (-36)/(-15)*(z/8 + -4).
2
Suppose 0 = -4*k - 390 + 1622. Let m = k - 131. What is the remainder when m is divided by 36?
33
Suppose -6*j + 2*j = -64. Suppose 0 = -15*m + 7*m + 504. Calculate the remainder when m is divided by j.
15
Let m(z) = 3*z**2 + 45*z + 120. Calculate the remainder when m(-17) is divided by 113.
109
Suppose -39*l - 210 = -1653. Calculate the remainder when 775 is divided by l.
35
Suppose 4*p + 19*d - 16*d = 17, -3*p = 5*d + 1. Calculate the remainder when 159 is divided by p.
7
Let k = -15 + 54. What is the remainder when 152 is divided by k?
35
Suppose 0 = 3*o - 4 + 7. What is the remainder when 14 is divided by 8 + o + 5 + -3?
5
Suppose -3*f + 3 + 0 = 0. Suppose 0 = 3*o - p + 6, 5*o - 8 = -4*p - 35. What is the remainder when (8 + -5)*(-1)/o is divided by f?
0
What is the remainder when (30/(-7))/(0 + 4/(-28)) is divided by 8?
6
Suppose 12 = -0*o - 4*o, 4*w = o + 7. Let g = 20 + w. Calculate the remainder when 103 is divided by g.
19
Let c = 1407 + -1189. Calculate the remainder when c is divided by 38.
28
Calculate the remainder when 9/(-6)*(-164)/6 is divided by (5/(-2) + 3)*(-2 + 32).
11
Suppose 0 = -3*x - 5*d + 135 + 35, 5*d - 280 = -5*x. What is the remainder when 879 is divided by x?
54
Let g(a) = 4*a**2 + a + 4. Let o(y) = y**2 + 0*y**2 - 3 - y + 0 - 4*y. Let s be o(5). What is the remainder when g(s) is divided by 20?
17
Let n(c) be the first derivative of 9*c + 1/3*c**3 + 7*c**2 + 2. Calculate the remainder when 15 is divided by n(-14).
6
Suppose -2*u + 0*u + 3*k - 7 = 0, 0 = -5*u + 4*k. What is the remainder when 27 is divided by u?
3
Suppose f + 2*f = 5*b + 362, -3*f + 3*b = -366. Suppose 16*j - 468 - f = 0. What is the remainder when j is divided by 8?
5
Let c(b) = -b**2 - 24*b + 17. Let l be c(-9). Let n = l + -115. What is the remainder when n is divided by 10?
7
Suppose -326*n = -342*n + 12496. Calculate the remainder when n is divided by 259.
4
Let s(o) be the second derivative of o**5/10 - 13*o**4/6 + o**3/3 + 7*o**2/2 - 15*o. Calculate the remainder when s(13) is divided by 17.
16
Let d = -43 + 75. Calculate the remainder when 140 is divided by d.
12
Suppose -36 = 2*n - 210. Suppose 3*t - n = -0*t. What is the remainder when t is divided by 8?
5
Suppose -3*b + 3 = -0*b. Let x be b/(-2) + (-126)/36. What is the remainder when ((-35)/x)/(14/56) is divided by 12?
11
Let m be (8/(-6))/(4/(-78)). Suppose 0 = j, -k + 0*k + 3*j = -m. Calculate the remainder when k is divided by 15.
11
Let u = -3 - -1. Suppose 0 = 6611*c - 6593*c - 918. What is the remainder when c is divided by u*2/4 + 15?
9
Let p(b) = -b**3 - b**2 - 3*b - 3. Let j be 3/4 + 0 + 30/(-8). Calculate the remainder when 166 is divided by p(j).
22
Let d(u) = 5*u - u**3 + 3*u**2 - 4*u + 4*u. Let i(s) = s**2 + 4. Let b be i(0). What is the remainder when 6 is divided by d(b)?
2
Let f = -9 - 48. Let g = -31 - f. What is the remainder when 56 is divided by -3 + (g - 2) + -2?
18
Let m = 142 + 50. Calculate the remainder when m is divided by 39.
36
Let j(y) = y**3 - 6*y**2 + y + 9. Let l be j(6). Suppose -5*k + 2*k = -l. What is the remainder when 9 is divided by k?
4
Let h be 2/(-3) - (-12)/18. Suppose h*a = 4*a - 128. Calculate the remainder when a is divided by 12.
8
Suppose -3*x - 92 = -383. Calculate the remainder when x is divided by 18.
7
Let o be (15 + -21)*20/(-6). Suppose -2*v - 3*v = -o. What is the remainder when 6/15 - (-43)/5 is divided by v?
1
Suppose 0*s + 7*s = 1064. Suppose -m + 34 = -3*t + t, -t = -5*m + s. Calculate the remainder when m is divided by 7.
2
Let x(y) = 4*y + 5. Suppose -2*u - b + 16 = 0, 9 - 49 = -4*u - 4*b. Calculate the remainder when x(u) is divided by 6.
5
Let q(m) = 43*m - 53. What is the remainder when q(4) is divided by 15?
14
Let a = -2816 + 2899. Suppose 0 = 4*c - 79 - 21. What is the remainder when a is divided by c?
8
Suppose -2*u - 253 = -759. What is the remainder when u is divided by 17?
15
Let j be (60/33 - -3) + (-8)/(-44). Suppose z = 3*x - 256, z + 422 = j*x - 3*z. What is the remainder when x is divided by 22?
20
Suppose -3*w - 2*w + 10 = 0. Suppose -72 = -w*h + 4. Suppose -11*v + 8*v = -42. Calculate the remainder when h is divided by v.
10
Suppose -4*w - 2*j + j - 200 = 0, -2*j = 3*w + 145. Let m = w - -56. Let i = -4 + 18. What is the remainder when i is divided by m?
4
Suppose 25*u + 80 = 1005. What is the remainder when u is divided by 19?
18
Let t(l) = l**3 + 7*l**2 + 6*l + 1. Let k be 3*(-2)/(-3)*-2. Let j be t(k). Let i = j - 15. What is the remainder when i is divided by 6?
4
What is the remainder when 341 is divided by 244/36 - (-10)/45?
5
Let p = 126 - 73. Calculate the remainder when p is divided by 15.
8
What is the remainder when 119 is divided by (-120)/10 + 7 - -61?
7
Let t(w) = w**3 + 6*w**2 + w - 3. Let b be (-10)/(-14) - (-4)/14. Suppose 0 = -q + b, -q = 2*y - 4 - 81. Calculate the remainder when y is divided by t(-2).
9
Suppose -2*i + 923 - 883 = 0. Calculate the remainder when 58 is divided by i.
18
Let j = -4 + 93. What is the remainder when j is divided by 24?
17
Let o be 23/3 - 4/6. Suppose -54 = o*c - 16*c. Let i(t) = 3*t**2 - 2*t + 1. What is the remainder when i(2) is divided by c?
3
Let w(c) = -c**3 + 10*c**2 + 12*c - 11. Let b be w(11). Suppose 5*y - 4*h = 8*y - 89, b = 5*y - 3*h - 187. Calculate the remainder when y is divided by 9.
8
Let w be (-4)/(-6) + 2/6. Suppose -b + 3*z = 59, -w - 2 = z. Calculate the remainder when b/1*(-6)/24 is divided by 5.
2
Let y(x) = 2*x + 23. Let d be y(-7). Suppose 3*i - d*i + 30 = 0. Calculate the remainder when 12 is divided by i.
2
Suppose -3*q + 39 = -2*q. What is the remainder when q is divided by ((-21)/4)/7*-8?
3
Suppose 0*z + 4*z + 12 = 0, -2*y - 73 = -z. Let w = y - -67. What is the remainder when w is divided by 17?
12
Let a(r) = r**3 - 13*r**2 - 12*r - 4. Let f be a(14). Suppose f = 2*n - 106. Calculate the remainder when n is divided by 34.
31
Let v(o) = o**3 - 8*o**2 + 4*o + 8. Let k be v(6). Let z = -31 - k. Calculate the remainder when 14 is 